{"id":6847,"date":"2025-09-30T09:05:21","date_gmt":"2025-09-30T07:05:21","guid":{"rendered":"https:\/\/refontesite.com\/eastwiserefonte\/?page_id=6847"},"modified":"2025-11-08T13:34:57","modified_gmt":"2025-11-08T12:34:57","slug":"logistikdienstleistungen","status":"publish","type":"page","link":"https:\/\/refontesite.com\/eastwiserefonte\/de\/logistikdienstleistungen\/","title":{"rendered":"Lieferkette und Beschaffung in Asien"},"content":{"rendered":"\t\t<div data-elementor-type=\"wp-page\" data-elementor-id=\"6847\" class=\"elementor elementor-6847\" data-elementor-post-type=\"page\">\n\t\t\t\t<div class=\"elementor-element elementor-element-1bd49d03 e-flex e-con-boxed e-con e-parent\" data-id=\"1bd49d03\" data-element_type=\"container\" data-settings=\"{&quot;background_background&quot;:&quot;classic&quot;}\">\n\t\t\t\t\t<div class=\"e-con-inner\">\n\t\t\t\t<div class=\"elementor-element elementor-element-65e81666 elementor-widget elementor-widget-spacer\" data-id=\"65e81666\" data-element_type=\"widget\" data-widget_type=\"spacer.default\">\n\t\t\t\t\t\t\t<div class=\"elementor-spacer\">\n\t\t\t<div class=\"elementor-spacer-inner\"><\/div>\n\t\t<\/div>\n\t\t\t\t\t\t<\/div>\n\t\t\t\t<div class=\"elementor-element elementor-element-7bd9da5f elementor-widget elementor-widget-heading\" data-id=\"7bd9da5f\" data-element_type=\"widget\" data-widget_type=\"heading.default\">\n\t\t\t\t\t<h1 class=\"elementor-heading-title elementor-size-default\">Logistikdienstleistungen<\/h1>\t\t\t\t<\/div>\n\t\t\t\t<div class=\"elementor-element elementor-element-63a2e24c elementor-widget elementor-widget-eael-breadcrumbs\" data-id=\"63a2e24c\" data-element_type=\"widget\" data-widget_type=\"eael-breadcrumbs.default\">\n\t\t\t\t<div class=\"elementor-widget-container\">\n\t\t\t\t\t\t\t<div class=\"eael-breadcrumbs\">\n\t\t\t<div class=\"eael-breadcrumbs__content\"><a href=\"https:\/\/refontesite.com\/eastwiserefonte\">Zuhause<\/a> <span class=\"eael-breadcrumb-separator\">\/<\/span> <span class = \"eael-current\">Page<\/span><\/div>\t\t<\/div>\n\t\t\t\t\t\t<\/div>\n\t\t\t\t<\/div>\n\t\t\t\t\t<\/div>\n\t\t\t\t<\/div>\n\t\t\t\t<section class=\"elementor-section elementor-top-section elementor-element elementor-element-ed986f4 elementor-section-boxed elementor-section-height-default elementor-section-height-default elementor-invisible\" data-id=\"ed986f4\" data-element_type=\"section\" data-settings=\"{&quot;background_background&quot;:&quot;classic&quot;,&quot;animation&quot;:&quot;fadeIn&quot;}\">\n\t\t\t\t\t\t<div class=\"elementor-container elementor-column-gap-no\">\n\t\t\t\t\t<div class=\"elementor-column elementor-col-100 elementor-top-column elementor-element elementor-element-bd25bb7\" data-id=\"bd25bb7\" data-element_type=\"column\">\n\t\t\t<div class=\"elementor-widget-wrap elementor-element-populated\">\n\t\t\t\t\t\t<div class=\"elementor-element elementor-element-5b3f6e1 elementor-widget elementor-widget-heading\" data-id=\"5b3f6e1\" data-element_type=\"widget\" data-widget_type=\"heading.default\">\n\t\t\t\t\t<h2 class=\"elementor-heading-title elementor-size-default\">Koordinieren, konsolidieren, versenden \u2013 mit vollem Vertrauen\n<\/h2>\t\t\t\t<\/div>\n\t\t\t\t<div class=\"elementor-element elementor-element-57e3b10 elementor-widget elementor-widget-image\" data-id=\"57e3b10\" data-element_type=\"widget\" data-widget_type=\"image.default\">\n\t\t\t\t\t\t\t\t\t\t\t\t\t\t\t<img decoding=\"async\" width=\"185\" height=\"31\" src=\"https:\/\/refontesite.com\/eastwiserefonte\/wp-content\/uploads\/2025\/09\/SEPARATEUR-1.png\" class=\"attachment-full size-full wp-image-1090\" alt=\"SEPARATEUR.png\" \/>\t\t\t\t\t\t\t\t\t\t\t\t\t\t\t<\/div>\n\t\t<div class=\"elementor-element elementor-element-8f7eeee e-flex e-con-boxed e-con e-parent\" data-id=\"8f7eeee\" data-element_type=\"container\" data-settings=\"{&quot;background_background&quot;:&quot;classic&quot;}\">\n\t\t\t\t\t<div class=\"e-con-inner\">\n\t\t\t\t<div class=\"elementor-element elementor-element-5cb62fc elementor-widget elementor-widget-text-editor\" data-id=\"5cb62fc\" data-element_type=\"widget\" data-widget_type=\"text-editor.default\">\n\t\t\t\t\t\t\t\t\tDie Logistik ist oft das schw\u00e4chste Glied in der Lieferkette. Bei Eastwise helfen wir Ihnen <strong>Erlangen Sie die Kontrolle \u00fcber Ihre Fl\u00fcsse wieder<\/strong> with logistics services tailored to your operational reality.\n\t\t\t\t\t\t\t\t<\/div>\n\t\t\t\t\t<\/div>\n\t\t\t\t<\/div>\n\t\t<div class=\"elementor-element elementor-element-3f0b27c e-grid e-con-boxed e-con e-parent\" data-id=\"3f0b27c\" data-element_type=\"container\">\n\t\t\t\t\t<div class=\"e-con-inner\">\n\t\t\t\t<div class=\"elementor-element elementor-element-256d123 elementor-widget__width-initial elementor-widget elementor-widget-text-editor\" data-id=\"256d123\" data-element_type=\"widget\" data-widget_type=\"text-editor.default\">\n\t\t\t\t\t\t\t\t\t<p><strong>Unsere Dienstleistungen umfassen:<\/strong><\/p><ul><li><p><strong>Konsolidierung von Multi-Lieferanten<\/strong> An unseren Drehkreuzen in Asien;<\/p><\/li><li><p><strong>Sendungsverfolgung und Dokumentenverwaltung<\/strong> (Konnte, Ursprungszertifikate, Zollkonformit\u00e4t);<\/p><\/li><li><p><strong>Koordination mit Ihren Spediteuren<\/strong>;;<\/p><\/li><li><p><strong>Management von Transitzeiten<\/strong>, von der Werksabholung bis zur Lageranreise.<\/p><\/li><\/ul><p>Unsere Teams unterst\u00fctzen Sie auch mit<strong> Logistikberatungsmissionen<\/strong> Zur Optimierung Ihrer Kosten, Vorlaufzeiten und Supply-Chain-Prozesse.<\/p>\t\t\t\t\t\t\t\t<\/div>\n\t\t\t\t<div class=\"elementor-element elementor-element-14ea81b elementor-widget elementor-widget-image\" data-id=\"14ea81b\" data-element_type=\"widget\" data-widget_type=\"image.default\">\n\t\t\t\t\t\t\t\t\t\t\t\t\t\t\t<img fetchpriority=\"high\" decoding=\"async\" width=\"401\" height=\"300\" src=\"https:\/\/refontesite.com\/eastwiserefonte\/wp-content\/uploads\/2025\/10\/logistic-services.webp\" class=\"attachment-full size-full wp-image-4634\" alt=\"logistic services\" srcset=\"https:\/\/refontesite.com\/eastwiserefonte\/wp-content\/uploads\/2025\/10\/logistic-services.webp 401w, https:\/\/refontesite.com\/eastwiserefonte\/wp-content\/uploads\/2025\/10\/logistic-services-300x224.webp 300w\" sizes=\"(max-width: 401px) 100vw, 401px\" \/>\t\t\t\t\t\t\t\t\t\t\t\t\t\t\t<\/div>\n\t\t\t\t\t<\/div>\n\t\t\t\t<\/div>\n\t\t\t\t\t<\/div>\n\t\t<\/div>\n\t\t\t\t\t<\/div>\n\t\t<\/section>\n\t\t<div class=\"elementor-element elementor-element-3c0bb06 e-con-full e-flex e-con e-parent\" data-id=\"3c0bb06\" data-element_type=\"container\" data-settings=\"{&quot;background_background&quot;:&quot;classic&quot;}\">\n\t\t<div class=\"elementor-element elementor-element-4eaff68 e-con-full e-flex e-con e-child\" data-id=\"4eaff68\" data-element_type=\"container\" data-settings=\"{&quot;background_background&quot;:&quot;classic&quot;}\">\n\t\t\t\t<div class=\"elementor-element elementor-element-3002048 elementor-widget elementor-widget-spacer\" data-id=\"3002048\" data-element_type=\"widget\" data-widget_type=\"spacer.default\">\n\t\t\t\t\t\t\t<div class=\"elementor-spacer\">\n\t\t\t<div class=\"elementor-spacer-inner\"><\/div>\n\t\t<\/div>\n\t\t\t\t\t\t<\/div>\n\t\t\t\t<div class=\"elementor-element elementor-element-dd0daf4 elementor-widget elementor-widget-heading\" data-id=\"dd0daf4\" data-element_type=\"widget\" data-widget_type=\"heading.default\">\n\t\t\t\t\t<p class=\"elementor-heading-title elementor-size-default\">M\u00f6chten Sie Ihre Arbeitsabl\u00e4ufe optimieren?\n<\/p>\t\t\t\t<\/div>\n\t\t\t\t<div class=\"elementor-element elementor-element-6d8c6d0 elementor-widget elementor-widget-text-editor\" data-id=\"6d8c6d0\" data-element_type=\"widget\" data-widget_type=\"text-editor.default\">\n\t\t\t\t\t\t\t\t\t<p>Reden wir.<\/p>\t\t\t\t\t\t\t\t<\/div>\n\t\t\t\t<div class=\"elementor-element elementor-element-e71b82a elementor-align-center elementor-widget elementor-widget-button\" data-id=\"e71b82a\" data-element_type=\"widget\" data-widget_type=\"button.default\">\n\t\t\t\t\t\t\t\t\t\t<a class=\"elementor-button elementor-button-link elementor-size-sm\" href=\"https:\/\/refontesite.com\/eastwiserefonte\/de\/kontakt\/\">\n\t\t\t\t\t\t<span class=\"elementor-button-content-wrapper\">\n\t\t\t\t\t\t\t\t\t<span class=\"elementor-button-text\">Kontaktiere uns<\/span>\n\t\t\t\t\t<\/span>\n\t\t\t\t\t<\/a>\n\t\t\t\t\t\t\t\t<\/div>\n\t\t\t\t<div class=\"elementor-element elementor-element-2ad2c54 elementor-widget elementor-widget-spacer\" data-id=\"2ad2c54\" data-element_type=\"widget\" data-widget_type=\"spacer.default\">\n\t\t\t\t\t\t\t<div class=\"elementor-spacer\">\n\t\t\t<div class=\"elementor-spacer-inner\"><\/div>\n\t\t<\/div>\n\t\t\t\t\t\t<\/div>\n\t\t\t\t<\/div>\n\t\t\t\t<\/div>\n\t\t<div class=\"elementor-element elementor-element-8a4378c e-con-full e-flex e-con e-parent\" data-id=\"8a4378c\" data-element_type=\"container\">\n\t\t<div class=\"elementor-element elementor-element-ec4f5e4 e-con-full e-flex e-con e-child\" data-id=\"ec4f5e4\" data-element_type=\"container\" data-settings=\"{&quot;background_background&quot;:&quot;classic&quot;}\">\n\t\t\t\t<\/div>\n\t\t<div class=\"elementor-element elementor-element-45bc904 e-con-full e-flex e-con e-child\" data-id=\"45bc904\" data-element_type=\"container\" data-settings=\"{&quot;background_background&quot;:&quot;classic&quot;}\">\n\t\t\t\t<div class=\"elementor-element elementor-element-dd4474e elementor-widget elementor-widget-heading\" data-id=\"dd4474e\" data-element_type=\"widget\" data-widget_type=\"heading.default\">\n\t\t\t\t\t<h2 class=\"elementor-heading-title elementor-size-default\">Why work with EASTWISE Services?\n<\/h2>\t\t\t\t<\/div>\n\t\t\t\t<div class=\"elementor-element elementor-element-67fd936 elementor-widget elementor-widget-text-editor\" data-id=\"67fd936\" data-element_type=\"widget\" data-widget_type=\"text-editor.default\">\n\t\t\t\t\t\t\t\t\t<ul>\n  <li><strong>Feldkompetenz<\/strong>, gebaut auf 20 Jahren Erfahrung in ganz Asien<\/li>\n  <li><strong>Ein mehrsprachiges Team mit mehreren Standorten<\/strong>, in st\u00e4ndigem Kontakt mit Ihren lokalen Kollegen<\/li>\n  <li><strong>Ein modularer Ansatz<\/strong>: Aktivieren Sie nur die Dienste, die Sie ben\u00f6tigen<\/li>\n  <li><strong>Vollst\u00e4ndige Transparenz und Genauigkeit<\/strong> In Ausf\u00fchrung und Berichterstattung<\/li>\n<\/ul>\n\t\t\t\t\t\t\t\t<\/div>\n\t\t\t\t<\/div>\n\t\t\t\t<\/div>\n\t\t<div class=\"elementor-element elementor-element-12f8804 e-flex e-con-boxed e-con e-parent\" data-id=\"12f8804\" data-element_type=\"container\" data-settings=\"{&quot;background_background&quot;:&quot;classic&quot;}\">\n\t\t\t\t\t<div class=\"e-con-inner\">\n\t\t<div class=\"elementor-element elementor-element-2007f78 e-con-full e-flex elementor-invisible e-con e-child\" data-id=\"2007f78\" data-element_type=\"container\" data-settings=\"{&quot;background_background&quot;:&quot;classic&quot;,&quot;animation&quot;:&quot;slideInLeft&quot;}\">\n\t\t\t\t<div class=\"elementor-element elementor-element-973a6b4 elementor-widget elementor-widget-heading\" data-id=\"973a6b4\" data-element_type=\"widget\" data-widget_type=\"heading.default\">\n\t\t\t\t\t<h2 class=\"elementor-heading-title elementor-size-default\">Sourcing-Dienstleistungen<\/h2>\t\t\t\t<\/div>\n\t\t\t\t<div class=\"elementor-element elementor-element-db5f18d elementor-widget elementor-widget-image\" data-id=\"db5f18d\" data-element_type=\"widget\" data-widget_type=\"image.default\">\n\t\t\t\t\t\t\t\t\t\t\t\t\t\t\t<img decoding=\"async\" width=\"157\" height=\"20\" src=\"https:\/\/refontesite.com\/eastwiserefonte\/wp-content\/uploads\/2025\/09\/separateur-jaune-1.png\" class=\"attachment-full size-full wp-image-1134\" alt=\"separateur-jaune.png\" srcset=\"https:\/\/refontesite.com\/eastwiserefonte\/wp-content\/uploads\/2025\/09\/separateur-jaune-1.png 157w, https:\/\/refontesite.com\/eastwiserefonte\/wp-content\/uploads\/2025\/09\/separateur-jaune-1-150x20.png 150w\" sizes=\"(max-width: 157px) 100vw, 157px\" \/>\t\t\t\t\t\t\t\t\t\t\t\t\t\t\t<\/div>\n\t\t\t\t<div class=\"elementor-element elementor-element-c1ff891 elementor-widget elementor-widget-image\" data-id=\"c1ff891\" data-element_type=\"widget\" data-widget_type=\"image.default\">\n\t\t\t\t\t\t\t\t\t\t\t\t\t\t\t<img loading=\"lazy\" decoding=\"async\" width=\"800\" height=\"500\" src=\"https:\/\/refontesite.com\/eastwiserefonte\/wp-content\/uploads\/2025\/10\/SOURCING-1024x640.webp\" class=\"attachment-large size-large wp-image-4564\" alt=\"SOURCING\" srcset=\"https:\/\/refontesite.com\/eastwiserefonte\/wp-content\/uploads\/2025\/10\/SOURCING-1024x640.webp 1024w, https:\/\/refontesite.com\/eastwiserefonte\/wp-content\/uploads\/2025\/10\/SOURCING-300x188.webp 300w, https:\/\/refontesite.com\/eastwiserefonte\/wp-content\/uploads\/2025\/10\/SOURCING-768x480.webp 768w, https:\/\/refontesite.com\/eastwiserefonte\/wp-content\/uploads\/2025\/10\/SOURCING.webp 1281w\" sizes=\"(max-width: 800px) 100vw, 800px\" \/>\t\t\t\t\t\t\t\t\t\t\t\t\t\t\t<\/div>\n\t\t\t\t<div class=\"elementor-element elementor-element-315fc65 elementor-align-center elementor-widget elementor-widget-button\" data-id=\"315fc65\" data-element_type=\"widget\" data-widget_type=\"button.default\">\n\t\t\t\t\t\t\t\t\t\t<a class=\"elementor-button elementor-button-link elementor-size-sm\" href=\"https:\/\/refontesite.com\/eastwiserefonte\/de\/beschaffung-und-einkauf-in-asien\/\">\n\t\t\t\t\t\t<span class=\"elementor-button-content-wrapper\">\n\t\t\t\t\t\t\t\t\t<span class=\"elementor-button-text\">Lern mehr<\/span>\n\t\t\t\t\t<\/span>\n\t\t\t\t\t<\/a>\n\t\t\t\t\t\t\t\t<\/div>\n\t\t\t\t<\/div>\n\t\t<div class=\"elementor-element elementor-element-316ecd8 e-con-full e-flex elementor-invisible e-con e-child\" data-id=\"316ecd8\" data-element_type=\"container\" data-settings=\"{&quot;background_background&quot;:&quot;classic&quot;,&quot;animation&quot;:&quot;slideInUp&quot;}\">\n\t\t\t\t<div class=\"elementor-element elementor-element-1c66c23 elementor-widget elementor-widget-heading\" data-id=\"1c66c23\" data-element_type=\"widget\" data-widget_type=\"heading.default\">\n\t\t\t\t\t<h2 class=\"elementor-heading-title elementor-size-default\">Qualit\u00e4tsdienstleistungen<\/h2>\t\t\t\t<\/div>\n\t\t\t\t<div class=\"elementor-element elementor-element-23fc3c1 elementor-widget elementor-widget-image\" data-id=\"23fc3c1\" data-element_type=\"widget\" data-widget_type=\"image.default\">\n\t\t\t\t\t\t\t\t\t\t\t\t\t\t\t<img decoding=\"async\" width=\"157\" height=\"20\" src=\"https:\/\/refontesite.com\/eastwiserefonte\/wp-content\/uploads\/2025\/09\/separateur-jaune-1.png\" class=\"attachment-full size-full wp-image-1134\" alt=\"separateur-jaune.png\" srcset=\"https:\/\/refontesite.com\/eastwiserefonte\/wp-content\/uploads\/2025\/09\/separateur-jaune-1.png 157w, https:\/\/refontesite.com\/eastwiserefonte\/wp-content\/uploads\/2025\/09\/separateur-jaune-1-150x20.png 150w\" sizes=\"(max-width: 157px) 100vw, 157px\" \/>\t\t\t\t\t\t\t\t\t\t\t\t\t\t\t<\/div>\n\t\t\t\t<div class=\"elementor-element elementor-element-79ca728 elementor-widget elementor-widget-image\" data-id=\"79ca728\" data-element_type=\"widget\" data-widget_type=\"image.default\">\n\t\t\t\t\t\t\t\t\t\t\t\t\t\t\t<img loading=\"lazy\" decoding=\"async\" width=\"800\" height=\"501\" src=\"https:\/\/refontesite.com\/eastwiserefonte\/wp-content\/uploads\/2025\/10\/QUALITY-1024x641.webp\" class=\"attachment-large size-large wp-image-4565\" alt=\"QUALITY\" srcset=\"https:\/\/refontesite.com\/eastwiserefonte\/wp-content\/uploads\/2025\/10\/QUALITY-1024x641.webp 1024w, https:\/\/refontesite.com\/eastwiserefonte\/wp-content\/uploads\/2025\/10\/QUALITY-300x188.webp 300w, https:\/\/refontesite.com\/eastwiserefonte\/wp-content\/uploads\/2025\/10\/QUALITY-768x481.webp 768w, https:\/\/refontesite.com\/eastwiserefonte\/wp-content\/uploads\/2025\/10\/QUALITY.webp 1280w\" sizes=\"(max-width: 800px) 100vw, 800px\" \/>\t\t\t\t\t\t\t\t\t\t\t\t\t\t\t<\/div>\n\t\t\t\t<div class=\"elementor-element elementor-element-1d6d3e8 elementor-align-center elementor-widget elementor-widget-button\" data-id=\"1d6d3e8\" data-element_type=\"widget\" data-widget_type=\"button.default\">\n\t\t\t\t\t\t\t\t\t\t<a class=\"elementor-button elementor-button-link elementor-size-sm\" href=\"https:\/\/refontesite.com\/eastwiserefonte\/de\/qualitatskontrolle-in-asien\/\">\n\t\t\t\t\t\t<span class=\"elementor-button-content-wrapper\">\n\t\t\t\t\t\t\t\t\t<span class=\"elementor-button-text\">Lern mehr<\/span>\n\t\t\t\t\t<\/span>\n\t\t\t\t\t<\/a>\n\t\t\t\t\t\t\t\t<\/div>\n\t\t\t\t<\/div>\n\t\t\t\t\t<\/div>\n\t\t\t\t<\/div>\n\t\t<div class=\"elementor-element elementor-element-17b75980 e-con-full e-flex e-con e-parent\" data-id=\"17b75980\" data-element_type=\"container\" data-settings=\"{&quot;background_background&quot;:&quot;classic&quot;}\">\n\t\t<div class=\"elementor-element elementor-element-100ae191 e-con-full e-flex e-con e-child\" data-id=\"100ae191\" data-element_type=\"container\" data-settings=\"{&quot;background_background&quot;:&quot;classic&quot;}\">\n\t\t\t\t<div class=\"elementor-element elementor-element-914e2ab elementor-widget elementor-widget-spacer\" data-id=\"914e2ab\" data-element_type=\"widget\" data-widget_type=\"spacer.default\">\n\t\t\t\t\t\t\t<div class=\"elementor-spacer\">\n\t\t\t<div class=\"elementor-spacer-inner\"><\/div>\n\t\t<\/div>\n\t\t\t\t\t\t<\/div>\n\t\t\t\t<div class=\"elementor-element elementor-element-24df6364 elementor-widget elementor-widget-heading\" data-id=\"24df6364\" data-element_type=\"widget\" data-widget_type=\"heading.default\">\n\t\t\t\t\t<p class=\"elementor-heading-title elementor-size-default\">Haben Sie ein einmaliges Bed\u00fcrfnis? Ein langfristigeres Projekt?<\/p>\t\t\t\t<\/div>\n\t\t\t\t<div class=\"elementor-element elementor-element-396fc30f elementor-widget elementor-widget-text-editor\" data-id=\"396fc30f\" data-element_type=\"widget\" data-widget_type=\"text-editor.default\">\n\t\t\t\t\t\t\t\t\t<p>Unsere Teams sind hier, um zuzuh\u00f6ren.<\/p>\t\t\t\t\t\t\t\t<\/div>\n\t\t\t\t<div class=\"elementor-element elementor-element-2929b2fe elementor-align-center elementor-widget elementor-widget-button\" data-id=\"2929b2fe\" data-element_type=\"widget\" data-widget_type=\"button.default\">\n\t\t\t\t\t\t\t\t\t\t<a class=\"elementor-button elementor-button-link elementor-size-sm\" href=\"https:\/\/refontesite.com\/eastwiserefonte\/de\/kontakt\/\">\n\t\t\t\t\t\t<span class=\"elementor-button-content-wrapper\">\n\t\t\t\t\t\t\t\t\t<span class=\"elementor-button-text\">Lassen Sies reden dar\u00fcber<\/span>\n\t\t\t\t\t<\/span>\n\t\t\t\t\t<\/a>\n\t\t\t\t\t\t\t\t<\/div>\n\t\t\t\t<div class=\"elementor-element elementor-element-27cb07dc elementor-widget elementor-widget-spacer\" data-id=\"27cb07dc\" data-element_type=\"widget\" data-widget_type=\"spacer.default\">\n\t\t\t\t\t\t\t<div class=\"elementor-spacer\">\n\t\t\t<div class=\"elementor-spacer-inner\"><\/div>\n\t\t<\/div>\n\t\t\t\t\t\t<\/div>\n\t\t\t\t<\/div>\n\t\t\t\t<\/div>\n\t\t\t\t<\/div>\n\t\t","protected":false},"excerpt":{"rendered":"<p>Logistikdienstleistungen Zuhause \/ Seite Koordinieren, konsolidieren, versenden \u2013 mit vollem Vertrauen Die Logistik ist oft das schw\u00e4chste Glied in der Lieferkette. Bei Eastwise helfen wir Ihnen Erlangen Sie die Kontrolle \u00fcber Ihre Fl\u00fcsse wieder with logistics services tailored to your operational reality. Unsere Dienstleistungen umfassen: Konsolidierung von Multi-Lieferanten An unseren Drehkreuzen in Asien; Sendungsverfolgung und [&hellip;]<\/p>\n","protected":false},"author":1,"featured_media":0,"parent":0,"menu_order":0,"comment_status":"closed","ping_status":"closed","template":"elementor_header_footer","meta":{"_eb_attr":"","footnotes":""},"class_list":["post-6847","page","type-page","status-publish","hentry"],"lang":"de","translations":{"de":6847,"en":6265,"fr":3326},"pll_sync_post":[],"_links":{"self":[{"href":"https:\/\/refontesite.com\/eastwiserefonte\/wp-json\/wp\/v2\/pages\/6847","targetHints":{"allow":["GET"]}}],"collection":[{"href":"https:\/\/refontesite.com\/eastwiserefonte\/wp-json\/wp\/v2\/pages"}],"about":[{"href":"https:\/\/refontesite.com\/eastwiserefonte\/wp-json\/wp\/v2\/types\/page"}],"author":[{"embeddable":true,"href":"https:\/\/refontesite.com\/eastwiserefonte\/wp-json\/wp\/v2\/users\/1"}],"replies":[{"embeddable":true,"href":"https:\/\/refontesite.com\/eastwiserefonte\/wp-json\/wp\/v2\/comments?post=6847"}],"version-history":[{"count":21,"href":"https:\/\/refontesite.com\/eastwiserefonte\/wp-json\/wp\/v2\/pages\/6847\/revisions"}],"predecessor-version":[{"id":7077,"href":"https:\/\/refontesite.com\/eastwiserefonte\/wp-json\/wp\/v2\/pages\/6847\/revisions\/7077"}],"wp:attachment":[{"href":"https:\/\/refontesite.com\/eastwiserefonte\/wp-json\/wp\/v2\/media?parent=6847"}],"curies":[{"name":"wp","href":"https:\/\/api.w.org\/{rel}","templated":true}]}}