{"id":6886,"date":"2025-09-09T19:04:29","date_gmt":"2025-09-09T17:04:29","guid":{"rendered":"https:\/\/refontesite.com\/eastwiserefonte\/?page_id=6886"},"modified":"2025-11-18T21:25:32","modified_gmt":"2025-11-18T20:25:32","slug":"wer-sind-wir","status":"publish","type":"page","link":"https:\/\/refontesite.com\/eastwiserefonte\/de\/wer-sind-wir\/","title":{"rendered":"Wer sind wir?"},"content":{"rendered":"\t\t<div data-elementor-type=\"wp-page\" data-elementor-id=\"6886\" class=\"elementor elementor-6886\" data-elementor-post-type=\"page\">\n\t\t\t\t<div class=\"elementor-element elementor-element-1bd49d03 e-flex e-con-boxed e-con e-parent\" data-id=\"1bd49d03\" data-element_type=\"container\" data-settings=\"{&quot;background_background&quot;:&quot;slideshow&quot;,&quot;background_slideshow_gallery&quot;:[{&quot;id&quot;:4420,&quot;url&quot;:&quot;https:\\\/\\\/refontesite.com\\\/eastwiserefonte\\\/wp-content\\\/uploads\\\/2025\\\/10\\\/qui-sommes-nous.webp&quot;}],&quot;background_slideshow_slide_duration&quot;:3500,&quot;background_slideshow_loop&quot;:&quot;yes&quot;,&quot;background_slideshow_slide_transition&quot;:&quot;fade&quot;,&quot;background_slideshow_transition_duration&quot;:500}\">\n\t\t\t\t\t<div class=\"e-con-inner\">\n\t\t\t\t<div class=\"elementor-element elementor-element-65e81666 elementor-widget elementor-widget-spacer\" data-id=\"65e81666\" data-element_type=\"widget\" data-widget_type=\"spacer.default\">\n\t\t\t\t\t\t\t<div class=\"elementor-spacer\">\n\t\t\t<div class=\"elementor-spacer-inner\"><\/div>\n\t\t<\/div>\n\t\t\t\t\t\t<\/div>\n\t\t\t\t<div class=\"elementor-element elementor-element-7bd9da5f elementor-widget elementor-widget-heading\" data-id=\"7bd9da5f\" data-element_type=\"widget\" data-widget_type=\"heading.default\">\n\t\t\t\t\t<h1 class=\"elementor-heading-title elementor-size-default\">Wer sind wir?<\/h1>\t\t\t\t<\/div>\n\t\t\t\t<div class=\"elementor-element elementor-element-63a2e24c elementor-widget elementor-widget-eael-breadcrumbs\" data-id=\"63a2e24c\" data-element_type=\"widget\" data-widget_type=\"eael-breadcrumbs.default\">\n\t\t\t\t<div class=\"elementor-widget-container\">\n\t\t\t\t\t\t\t<div class=\"eael-breadcrumbs\">\n\t\t\t<div class=\"eael-breadcrumbs__content\"><a href=\"https:\/\/refontesite.com\/eastwiserefonte\">Herzlich willkommen<\/a> <span class=\"eael-breadcrumb-separator\">\/<\/span> <span class = \"eael-current\">Page<\/span><\/div>\t\t<\/div>\n\t\t\t\t\t\t<\/div>\n\t\t\t\t<\/div>\n\t\t\t\t\t<\/div>\n\t\t\t\t<\/div>\n\t\t<div class=\"elementor-element elementor-element-f5d74f8 e-flex e-con-boxed e-con e-parent\" data-id=\"f5d74f8\" data-element_type=\"container\" data-settings=\"{&quot;background_background&quot;:&quot;classic&quot;}\">\n\t\t\t\t\t<div class=\"e-con-inner\">\n\t\t\t\t<div class=\"elementor-element elementor-element-15f820d elementor-widget elementor-widget-text-editor\" data-id=\"15f820d\" data-element_type=\"widget\" data-widget_type=\"text-editor.default\">\n\t\t\t\t\t\t\t\t\t<p>EastWise unterst\u00fctzt seit 20 Jahren europ\u00e4ische Unternehmen bei ihren strategischen Ank\u00e4ufen in Asien.<\/p><p>Ein multikulturelles Team, ma\u00dfgeschneiderte L\u00f6sungen, ein starkes Engagement f\u00fcr verantwortungsvolles Sourcing.<\/p>\t\t\t\t\t\t\t\t<\/div>\n\t\t\t\t<div class=\"elementor-element elementor-element-4228955 elementor-widget elementor-widget-spacer\" data-id=\"4228955\" data-element_type=\"widget\" data-widget_type=\"spacer.default\">\n\t\t\t\t\t\t\t<div class=\"elementor-spacer\">\n\t\t\t<div class=\"elementor-spacer-inner\"><\/div>\n\t\t<\/div>\n\t\t\t\t\t\t<\/div>\n\t\t\t\t\t<\/div>\n\t\t\t\t<\/div>\n\t\t<div class=\"elementor-element elementor-element-42157c0 e-flex e-con-boxed e-con e-parent\" data-id=\"42157c0\" data-element_type=\"container\" data-settings=\"{&quot;background_background&quot;:&quot;classic&quot;}\">\n\t\t\t\t\t<div class=\"e-con-inner\">\n\t\t<div class=\"elementor-element elementor-element-7a34ade e-con-full e-flex elementor-invisible e-con e-child\" data-id=\"7a34ade\" data-element_type=\"container\" data-settings=\"{&quot;background_background&quot;:&quot;classic&quot;,&quot;animation&quot;:&quot;slideInLeft&quot;}\">\n\t\t\t\t<div class=\"elementor-element elementor-element-d9b2b0b elementor-widget elementor-widget-heading\" data-id=\"d9b2b0b\" data-element_type=\"widget\" data-widget_type=\"heading.default\">\n\t\t\t\t\t<h2 class=\"elementor-heading-title elementor-size-default\">Unternehmen<\/h2>\t\t\t\t<\/div>\n\t\t\t\t<div class=\"elementor-element elementor-element-3ba2031 elementor-widget elementor-widget-image\" data-id=\"3ba2031\" data-element_type=\"widget\" data-widget_type=\"image.default\">\n\t\t\t\t\t\t\t\t\t\t\t\t\t\t\t<img decoding=\"async\" width=\"157\" height=\"20\" src=\"https:\/\/refontesite.com\/eastwiserefonte\/wp-content\/uploads\/2025\/09\/separateur-jaune.png\" class=\"attachment-full size-full wp-image-996\" alt=\"separateur-jaune\" srcset=\"https:\/\/refontesite.com\/eastwiserefonte\/wp-content\/uploads\/2025\/09\/separateur-jaune.png 157w, https:\/\/refontesite.com\/eastwiserefonte\/wp-content\/uploads\/2025\/09\/separateur-jaune-150x20.png 150w\" sizes=\"(max-width: 157px) 100vw, 157px\" \/>\t\t\t\t\t\t\t\t\t\t\t\t\t\t\t<\/div>\n\t\t\t\t<div class=\"elementor-element elementor-element-ec43528 elementor-widget elementor-widget-image\" data-id=\"ec43528\" data-element_type=\"widget\" data-widget_type=\"image.default\">\n\t\t\t\t\t\t\t\t\t\t\t\t\t\t\t<img fetchpriority=\"high\" decoding=\"async\" width=\"800\" height=\"566\" src=\"https:\/\/refontesite.com\/eastwiserefonte\/wp-content\/uploads\/2025\/10\/lentreprise.webp\" class=\"attachment-large size-large wp-image-4414\" alt=\"lentreprise\" srcset=\"https:\/\/refontesite.com\/eastwiserefonte\/wp-content\/uploads\/2025\/10\/lentreprise.webp 842w, https:\/\/refontesite.com\/eastwiserefonte\/wp-content\/uploads\/2025\/10\/lentreprise-300x212.webp 300w, https:\/\/refontesite.com\/eastwiserefonte\/wp-content\/uploads\/2025\/10\/lentreprise-768x544.webp 768w\" sizes=\"(max-width: 800px) 100vw, 800px\" \/>\t\t\t\t\t\t\t\t\t\t\t\t\t\t\t<\/div>\n\t\t\t\t<div class=\"elementor-element elementor-element-1937e7f elementor-align-center elementor-widget elementor-widget-button\" data-id=\"1937e7f\" data-element_type=\"widget\" data-widget_type=\"button.default\">\n\t\t\t\t\t\t\t\t\t\t<a class=\"elementor-button elementor-button-link elementor-size-sm\" href=\"https:\/\/refontesite.com\/eastwiserefonte\/de\/das-unternehmen\/\">\n\t\t\t\t\t\t<span class=\"elementor-button-content-wrapper\">\n\t\t\t\t\t\t\t\t\t<span class=\"elementor-button-text\">Lern mehr<\/span>\n\t\t\t\t\t<\/span>\n\t\t\t\t\t<\/a>\n\t\t\t\t\t\t\t\t<\/div>\n\t\t\t\t<\/div>\n\t\t<div class=\"elementor-element elementor-element-2e789f4 e-con-full e-flex elementor-invisible e-con e-child\" data-id=\"2e789f4\" data-element_type=\"container\" data-settings=\"{&quot;background_background&quot;:&quot;classic&quot;,&quot;animation&quot;:&quot;slideInUp&quot;}\">\n\t\t\t\t<div class=\"elementor-element elementor-element-07d1a2f elementor-widget elementor-widget-heading\" data-id=\"07d1a2f\" data-element_type=\"widget\" data-widget_type=\"heading.default\">\n\t\t\t\t\t<h2 class=\"elementor-heading-title elementor-size-default\">Team<\/h2>\t\t\t\t<\/div>\n\t\t\t\t<div class=\"elementor-element elementor-element-0c7bac4 elementor-widget elementor-widget-image\" data-id=\"0c7bac4\" data-element_type=\"widget\" data-widget_type=\"image.default\">\n\t\t\t\t\t\t\t\t\t\t\t\t\t\t\t<img decoding=\"async\" width=\"157\" height=\"20\" src=\"https:\/\/refontesite.com\/eastwiserefonte\/wp-content\/uploads\/2025\/09\/separateur-jaune.png\" class=\"attachment-full size-full wp-image-996\" alt=\"separateur-jaune\" srcset=\"https:\/\/refontesite.com\/eastwiserefonte\/wp-content\/uploads\/2025\/09\/separateur-jaune.png 157w, https:\/\/refontesite.com\/eastwiserefonte\/wp-content\/uploads\/2025\/09\/separateur-jaune-150x20.png 150w\" sizes=\"(max-width: 157px) 100vw, 157px\" \/>\t\t\t\t\t\t\t\t\t\t\t\t\t\t\t<\/div>\n\t\t\t\t<div class=\"elementor-element elementor-element-2ae7524 elementor-widget elementor-widget-image\" data-id=\"2ae7524\" data-element_type=\"widget\" data-widget_type=\"image.default\">\n\t\t\t\t\t\t\t\t\t\t\t\t\t\t\t<img decoding=\"async\" width=\"800\" height=\"566\" src=\"https:\/\/refontesite.com\/eastwiserefonte\/wp-content\/uploads\/2025\/10\/lequipe-1.webp\" class=\"attachment-large size-large wp-image-4415\" alt=\"lequipe\" srcset=\"https:\/\/refontesite.com\/eastwiserefonte\/wp-content\/uploads\/2025\/10\/lequipe-1.webp 842w, https:\/\/refontesite.com\/eastwiserefonte\/wp-content\/uploads\/2025\/10\/lequipe-1-300x212.webp 300w, https:\/\/refontesite.com\/eastwiserefonte\/wp-content\/uploads\/2025\/10\/lequipe-1-768x544.webp 768w\" sizes=\"(max-width: 800px) 100vw, 800px\" \/>\t\t\t\t\t\t\t\t\t\t\t\t\t\t\t<\/div>\n\t\t\t\t<div class=\"elementor-element elementor-element-1d8a087 elementor-align-center elementor-widget elementor-widget-button\" data-id=\"1d8a087\" data-element_type=\"widget\" data-widget_type=\"button.default\">\n\t\t\t\t\t\t\t\t\t\t<a class=\"elementor-button elementor-button-link elementor-size-sm\" href=\"https:\/\/refontesite.com\/eastwiserefonte\/de\/das-team\/\">\n\t\t\t\t\t\t<span class=\"elementor-button-content-wrapper\">\n\t\t\t\t\t\t\t\t\t<span class=\"elementor-button-text\">Lern mehr<\/span>\n\t\t\t\t\t<\/span>\n\t\t\t\t\t<\/a>\n\t\t\t\t\t\t\t\t<\/div>\n\t\t\t\t<\/div>\n\t\t<div class=\"elementor-element elementor-element-2104253 e-con-full e-flex elementor-invisible e-con e-child\" data-id=\"2104253\" data-element_type=\"container\" data-settings=\"{&quot;background_background&quot;:&quot;classic&quot;,&quot;animation&quot;:&quot;slideInRight&quot;}\">\n\t\t\t\t<div class=\"elementor-element elementor-element-f850498 elementor-widget elementor-widget-heading\" data-id=\"f850498\" data-element_type=\"widget\" data-widget_type=\"heading.default\">\n\t\t\t\t\t<h2 class=\"elementor-heading-title elementor-size-default\">Der CSR-Ansatz<\/h2>\t\t\t\t<\/div>\n\t\t\t\t<div class=\"elementor-element elementor-element-b282e0d elementor-widget elementor-widget-image\" data-id=\"b282e0d\" data-element_type=\"widget\" data-widget_type=\"image.default\">\n\t\t\t\t\t\t\t\t\t\t\t\t\t\t\t<img decoding=\"async\" width=\"157\" height=\"20\" src=\"https:\/\/refontesite.com\/eastwiserefonte\/wp-content\/uploads\/2025\/09\/separateur-jaune.png\" class=\"attachment-full size-full wp-image-996\" alt=\"separateur-jaune\" srcset=\"https:\/\/refontesite.com\/eastwiserefonte\/wp-content\/uploads\/2025\/09\/separateur-jaune.png 157w, https:\/\/refontesite.com\/eastwiserefonte\/wp-content\/uploads\/2025\/09\/separateur-jaune-150x20.png 150w\" sizes=\"(max-width: 157px) 100vw, 157px\" \/>\t\t\t\t\t\t\t\t\t\t\t\t\t\t\t<\/div>\n\t\t\t\t<div class=\"elementor-element elementor-element-8380fd9 elementor-widget elementor-widget-image\" data-id=\"8380fd9\" data-element_type=\"widget\" data-widget_type=\"image.default\">\n\t\t\t\t\t\t\t\t\t\t\t\t\t\t\t<img loading=\"lazy\" decoding=\"async\" width=\"800\" height=\"566\" src=\"https:\/\/refontesite.com\/eastwiserefonte\/wp-content\/uploads\/2025\/10\/la-demarche-rse.webp\" class=\"attachment-large size-large wp-image-4416\" alt=\"la demarche rse\" srcset=\"https:\/\/refontesite.com\/eastwiserefonte\/wp-content\/uploads\/2025\/10\/la-demarche-rse.webp 842w, https:\/\/refontesite.com\/eastwiserefonte\/wp-content\/uploads\/2025\/10\/la-demarche-rse-300x212.webp 300w, https:\/\/refontesite.com\/eastwiserefonte\/wp-content\/uploads\/2025\/10\/la-demarche-rse-768x544.webp 768w\" sizes=\"(max-width: 800px) 100vw, 800px\" \/>\t\t\t\t\t\t\t\t\t\t\t\t\t\t\t<\/div>\n\t\t\t\t<div class=\"elementor-element elementor-element-3cabb21 elementor-align-center elementor-widget elementor-widget-button\" data-id=\"3cabb21\" data-element_type=\"widget\" data-widget_type=\"button.default\">\n\t\t\t\t\t\t\t\t\t\t<a class=\"elementor-button elementor-button-link elementor-size-sm\" href=\"https:\/\/refontesite.com\/eastwiserefonte\/de\/der-csr-ansatz\/\">\n\t\t\t\t\t\t<span class=\"elementor-button-content-wrapper\">\n\t\t\t\t\t\t\t\t\t<span class=\"elementor-button-text\">Lern mehr<\/span>\n\t\t\t\t\t<\/span>\n\t\t\t\t\t<\/a>\n\t\t\t\t\t\t\t\t<\/div>\n\t\t\t\t<\/div>\n\t\t\t\t\t<\/div>\n\t\t\t\t<\/div>\n\t\t<div class=\"elementor-element elementor-element-62ac5d27 e-con-full e-flex e-con e-parent\" data-id=\"62ac5d27\" data-element_type=\"container\">\n\t\t<div class=\"elementor-element elementor-element-67d8b82d e-con-full e-flex e-con e-child\" data-id=\"67d8b82d\" data-element_type=\"container\" data-settings=\"{&quot;background_background&quot;:&quot;classic&quot;}\">\n\t\t\t\t<div class=\"elementor-element elementor-element-292fc727 elementor-widget elementor-widget-heading\" data-id=\"292fc727\" data-element_type=\"widget\" data-widget_type=\"heading.default\">\n\t\t\t\t\t<h3 class=\"elementor-heading-title elementor-size-default\">Haben Sie Fragen?<\/h3>\t\t\t\t<\/div>\n\t\t\t\t<div class=\"elementor-element elementor-element-317e44db elementor-widget elementor-widget-text-editor\" data-id=\"317e44db\" data-element_type=\"widget\" data-widget_type=\"text-editor.default\">\n\t\t\t\t\t\t\t\t\t<p>Schauen Sie sich unsere FAQ an!<\/p>\t\t\t\t\t\t\t\t<\/div>\n\t\t\t\t<div class=\"elementor-element elementor-element-b4d2f43 elementor-align-center elementor-widget elementor-widget-button\" data-id=\"b4d2f43\" data-element_type=\"widget\" data-widget_type=\"button.default\">\n\t\t\t\t\t\t\t\t\t\t<a class=\"elementor-button elementor-button-link elementor-size-sm\" href=\"https:\/\/refontesite.com\/eastwiserefonte\/faq\/\">\n\t\t\t\t\t\t<span class=\"elementor-button-content-wrapper\">\n\t\t\t\t\t\t\t\t\t<span class=\"elementor-button-text\">Ich konsultiere die FAQ<\/span>\n\t\t\t\t\t<\/span>\n\t\t\t\t\t<\/a>\n\t\t\t\t\t\t\t\t<\/div>\n\t\t\t\t<\/div>\n\t\t<div class=\"elementor-element elementor-element-232f429a e-con-full e-flex e-con e-child\" data-id=\"232f429a\" data-element_type=\"container\" data-settings=\"{&quot;background_background&quot;:&quot;classic&quot;}\">\n\t\t\t\t<div class=\"elementor-element elementor-element-79ac73b1 elementor-widget elementor-widget-heading\" data-id=\"79ac73b1\" data-element_type=\"widget\" data-widget_type=\"heading.default\">\n\t\t\t\t\t<h3 class=\"elementor-heading-title elementor-size-default\">M\u00f6chten Sie informiert bleiben?<\/h3>\t\t\t\t<\/div>\n\t\t\t\t<div class=\"elementor-element elementor-element-4b3d593e elementor-widget elementor-widget-text-editor\" data-id=\"4b3d593e\" data-element_type=\"widget\" data-widget_type=\"text-editor.default\">\n\t\t\t\t\t\t\t\t\t<p>Erhalten Sie unsere Beratung und Trends direkt in Ihrer Mailbox.<\/p>\t\t\t\t\t\t\t\t<\/div>\n\t\t\t\t<div class=\"elementor-element elementor-element-7dd05d9c elementor-align-center elementor-widget elementor-widget-button\" data-id=\"7dd05d9c\" data-element_type=\"widget\" data-widget_type=\"button.default\">\n\t\t\t\t\t\t\t\t\t\t<a class=\"elementor-button elementor-button-link elementor-size-sm\" href=\"https:\/\/refontesite.com\/eastwiserefonte\/de\/rundschreiben\/\">\n\t\t\t\t\t\t<span class=\"elementor-button-content-wrapper\">\n\t\t\t\t\t\t\t\t\t<span class=\"elementor-button-text\">Ich binAbonnieren Sie den Newsletter<\/span>\n\t\t\t\t\t<\/span>\n\t\t\t\t\t<\/a>\n\t\t\t\t\t\t\t\t<\/div>\n\t\t\t\t<\/div>\n\t\t\t\t<\/div>\n\t\t\t\t<\/div>\n\t\t","protected":false},"excerpt":{"rendered":"<p>Wer sind wir? Herzlich willkommen \/ Seite EastWise unterst\u00fctzt seit 20 Jahren europ\u00e4ische Unternehmen bei ihren strategischen Ank\u00e4ufen in Asien. Ein multikulturelles Team, ma\u00dfgeschneiderte L\u00f6sungen, ein starkes Engagement f\u00fcr verantwortungsvolles Sourcing. Unternehmen Lern mehr Team Lern mehr Der CSR-Ansatz Lern mehr Haben Sie Fragen? Schauen Sie sich unsere FAQ an! Ich konsultiere die FAQ M\u00f6chten [&hellip;]<\/p>\n","protected":false},"author":1,"featured_media":0,"parent":0,"menu_order":0,"comment_status":"closed","ping_status":"closed","template":"elementor_header_footer","meta":{"_eb_attr":"","footnotes":""},"class_list":["post-6886","page","type-page","status-publish","hentry"],"lang":"de","translations":{"de":6886,"en":6241,"fr":962},"pll_sync_post":[],"_links":{"self":[{"href":"https:\/\/refontesite.com\/eastwiserefonte\/wp-json\/wp\/v2\/pages\/6886","targetHints":{"allow":["GET"]}}],"collection":[{"href":"https:\/\/refontesite.com\/eastwiserefonte\/wp-json\/wp\/v2\/pages"}],"about":[{"href":"https:\/\/refontesite.com\/eastwiserefonte\/wp-json\/wp\/v2\/types\/page"}],"author":[{"embeddable":true,"href":"https:\/\/refontesite.com\/eastwiserefonte\/wp-json\/wp\/v2\/users\/1"}],"replies":[{"embeddable":true,"href":"https:\/\/refontesite.com\/eastwiserefonte\/wp-json\/wp\/v2\/comments?post=6886"}],"version-history":[{"count":14,"href":"https:\/\/refontesite.com\/eastwiserefonte\/wp-json\/wp\/v2\/pages\/6886\/revisions"}],"predecessor-version":[{"id":7864,"href":"https:\/\/refontesite.com\/eastwiserefonte\/wp-json\/wp\/v2\/pages\/6886\/revisions\/7864"}],"wp:attachment":[{"href":"https:\/\/refontesite.com\/eastwiserefonte\/wp-json\/wp\/v2\/media?parent=6886"}],"curies":[{"name":"wp","href":"https:\/\/api.w.org\/{rel}","templated":true}]}}